261 composite?
False
Is 220511 a composite number?
False
Is 27899 a prime number?
False
Is 11887 prime?
True
Is 1543 composite?
False
Is 16963 composite?
False
Is 10291 a composite number?
True
Is 36467 a prime number?
True
Is 171131 prime?
True
Is 42853 composite?
False
Is 1202983 composite?
True
Is 5633 a composite number?
True
Is 1513579 a composite number?
True
Is 12197 a composite number?
False
Is 34702 a composite number?
True
Is 16787 a prime number?
True
Is 538562 a prime number?
False
Is 27641 prime?
False
Is 1641047 prime?
False
Is 94937 a prime number?
False
Is 237569 a prime number?
False
Is 1399 prime?
True
Is 124049 composite?
True
Is 38989 composite?
True
Is 5633 composite?
True
Is 91213 a composite number?
True
Is 504371 a prime number?
False
Is 538457 a prime number?
True
Is 25273 a composite number?
True
Is 1087 a prime number?
True
Is 5147 prime?
True
Is 188161 composite?
True
Is 7153 a composite number?
True
Is 74641 prime?
False
Is 567271 a composite number?
True
Is 327797 a prime number?
True
Is 14923 a composite number?
False
Is 7013 composite?
False
Is 587 a composite number?
False
Is 30611 composite?
True
Is 256715 composite?
True
Is 1396267 prime?
False
Is 2971 a composite number?
False
Is 1721453 prime?
True
Is 1759 a composite number?
False
Is 8287 a prime number?
True
Is 305261 a prime number?
False
Is 108242 prime?
False
Is 251969 a composite number?
False
Is 11981 composite?
False
Is 2053189 prime?
True
Is 48718 composite?
True
Is 1039 a prime number?
True
Is 45647 a composite number?
True
Is 170669 a composite number?
False
Is 838 a composite number?
True
Is 9533 prime?
True
Is 2419 prime?
False
Is 4162 composite?
True
Is 1217 composite?
False
Is 27338 prime?
False
Is 308449 a prime number?
False
Is 641713 composite?
False
Is 299027 a composite number?
False
Is 2020237 a composite number?
True
Is 33343 a composite number?
False
Is 64483 a composite number?
False
Is 353479 prime?
False
Is 1804793 prime?
True
Is 6767 composite?
True
Is 2863849 a composite number?
False
Is 62681 a composite number?
True
Is 35135 a prime number?
False
Is 20854 a prime number?
False
Is 6997 a prime number?
True
Is 1640927 composite?
False
Is 60689 prime?
True
Is 5079 a composite number?
True
Is 12091 a composite number?
True
Is 103847 a composite number?
True
Is 668351 prime?
False
Is 519773 composite?
True
Is 349627 prime?
False
Is 3641 composite?
True
Is 42673 prime?
False
Is 5849 a composite number?
False
Is 192187 a composite number?
False
Is 11917 a prime number?
False
Is 1561 composite?
True
Is 5136239 composite?
False
Is 313171 composite?
True
Is 6007 a composite number?
False
Is 81145 a composite number?
True
Is 80651 a composite number?
False
Is 26057 a composite number?
True
Is 3949 a composite number?
True
Is 41815 a prime number?
False
Is 40693 a composite number?
False
Is 329341 prime?
False
Is 1318633 a prime number?
True
Is 218653 composite?
True
Is 410181 prime?
False
Is 255247 a composite number?
False
Is 13379 a composite number?
True
Is 52021 a composite number?
False
Is 8501 prime?
True
Is 1086587 composite?
False
Is 116579 composite?
False
Is 893989 a prime number?
True
Is 130873 a prime number?
True
Is 83686 a prime number?
False
Is 348034 a prime number?
False
Is 37243 a composite number?
False
Is 30335 prime?
False
Is 121139 a prime number?
True
Is 694609 prime?
True
Is 19853 prime?
True
Is 10907 a prime number?
False
Is 976403 composite?
False
Is 58486 a composite number?
True
Is 44101 a composite number?
False
Is 3821 composite?
False
Is 3943 composite?
False
Is 5909 a prime number?
False
Is 34439 composite?
False
Is 29901 a composite number?
True
Is 6421 composite?
False
Is 3442 a composite number?
True
Is 7393 composite?
False
Is 16391 a composite number?
True
Is 5947 composite?
True
Is 16973 a prime number?
False
Is 39553 prime?
False
Is 215713 a composite number?
True
Is 257981 composite?
False
Is 79579 prime?
True
Is 727667 a composite number?
False
Is 432183 prime?
False
Is 15 prime?
False
Is 301102 a prime number?
False
Is 1513 a composite number?
True
Is 974095 a composite number?
True
Is 94982 a prime number?
False
Is 61637 prime?
True
Is 31498 composite?
True
Is 17717 prime?
False
Is 382061 composite?
False
Is 50419 a prime number?
False
Is 61211 composite?
False
Is 247061 a composite number?
True
Is 427877 prime?
True
Is 365411 prime?
True
Is 10531 composite?
False
Is 85846 a composite number?
True
Is 1425593 prime?
False
Is 185047 composite?
True
Is 194239 composite?
False
Is 628261 a composite number?
False
Is 181057 composite?
True
Is 54797 a prime number?
False
Is 13537 a composite number?
False
Is 6385 composite?
True
Is 9601 a prime number?
True
Is 15679 composite?
False
Is 146141 composite?
False
Is 1916821 composite?
True
Is 32197 a prime number?
False
Is 9967 composite?
False
Is 37031 a prime number?
False
Is 2539 prime?
True
Is 9745 composite?
True
Is 46679 a prime number?
True
Is 32353 a composite number?
False
Is 89819 prime?
True
Is 122 a composite number?
True
Is 30551 composite?
True
Is 44245 prime?
False
Is 156941 a composite number?
False
Is 2134205 a prime number?
False
Is 108043 a prime number?
False
Is 865 prime?
False
Is 16741 prime?
True
Is 3763 prime?
False
Is 1850939 prime?
True
Is 37451 composite?
True
Is 36341 a composite number?
False
Is 64951 composite?
False
Is 3521 prime?
False
Is 147835 prime?
False
Is 2175467 prime?
False
Is 30421 prime?
False
Is 17411 a prime number?
False
Is 1259 a composite number?
False
Is 289331 a composite number?
True
Is 10319 a composite number?
True
Is 14741 composite?
False
Is 1075579 composite?
True
Is 3035 a composite number?
True
Is 1450819 a composite number?
False
Is 123463 composite?
True
Is 391 a composite number?
True
Is 4547 prime?
True
Is 21547 prime?
False
Is 19021 composite?
True
Is 441947 a composite number?
True
Is 2467973 composite?
True
Is 9166 composite?
True
Is 28195 prime?
False
Is 330997 composite?
False
Is 66337 a composite number?
False
Is 8923 prime?
True
Is 1592473 prime?
False
Is 15091 a prime number?
True
Is 20323 a prime number?
True
Is 580323 a prime number?
False
Is 3199 composite?
True
Is 6038 a prime number?
False
Is 24397 prime?
False
Is 24133 a prime number?
True
Is 1993 prime?
True
Is 7027 composite?
False
Is 24989 composite?
False
Is 13129 prime?
False
Is 1260349 composite?
True
Is 2837581 composite?
False
Is 423271 composite?
True
Is 1030483 a composite number?
True
Is 491 a prime number?
True
Is 9193 prime?
False
Is 8285 a composite number?
True
Is 3587 a prime number?
False
Is 270811 a prime number?
False
Is 218923 a prime number?
True
Is 26183 prime?
True
Is 66293 a composite number?
False
Is 38113 a prime number?
True
Is 9183 a prime number?
False
Is 18691 prime?
True
Is 4127 a prime number?
True
Is 2013218 a prime number?
False
Is 82831 composite?
True
Is 5557 composite?
False
Is 84815 prime?
False
Is 71693 prime?
True
Is 1543 a composite number?
False
Is 16207 a prime number?
False
Is 578021 a prime number?
True
Is 294955 a prime number?
False
Is 16919 a prime number?
False
Is 26219 a prime number?
False
Is 434107 composite?
False
Is 54811 a composite number?
True
Is 2342399 composite?
False
Is 206399 composite?
False
Is 10555 prime?
False
Is 33529 a composite number?
False
Is 32347 composite?
True
Is 11159 prime?
True
Is 34807 composite?
False
Is 212701 a composite number?
False
Is 37483 a composite number?
False
Is 16607 a composite number?
False
Is 236323 a composite number?
False
Is 157627 a composite number?
False
Is 90061 a composite number?
True
Is 68461 a composite number?
True
Is 26089 a composite number?
True
Is 18041 a composite number?
False
Is 208779 a composite number?
True
Is 130054 prime?
False
Is 5381 a prime number?
True
Is 7789 prime?
True
Is 8767 a prime number?
False
Is 23917 a prime number?
True
Is 59845 composite?
True
Is 826477 prime?
True
Is 4181 a composite number?
True
Is 23227 a prime number?
True
Is 23789 a prime number?
True
Is 12689 a prime number?
True
Is 24391 prime?
True
Is 541217 a prime number?
True
Is 18059 prime?
True
Is 1099183 a prime number?
False
Is 5701 a composite number?
False
Is 13517 composite?
True
Is 2427 a prime number?
False
Is 4861 prime?
Tru